{"id":150,"date":"2025-12-15T18:03:41","date_gmt":"2025-12-15T17:03:41","guid":{"rendered":"https:\/\/twojenowewnetrze.pl\/?page_id=150"},"modified":"2025-12-15T18:39:41","modified_gmt":"2025-12-15T17:39:41","slug":"wiedza","status":"publish","type":"page","link":"https:\/\/twojenowewnetrze.pl\/index.php\/wiedza\/","title":{"rendered":"Wiedza"},"content":{"rendered":"\t\t<div data-elementor-type=\"wp-page\" data-elementor-id=\"150\" class=\"elementor elementor-150\" data-elementor-post-type=\"page\">\n\t\t\t\t<div class=\"elementor-element elementor-element-24b3b407 e-flex e-con-boxed e-con e-parent\" data-id=\"24b3b407\" data-element_type=\"container\">\n\t\t\t\t\t<div class=\"e-con-inner\">\n\t\t<div class=\"elementor-element elementor-element-5324d35 e-con-full e-flex e-con e-child\" data-id=\"5324d35\" data-element_type=\"container\">\n\t\t\t\t<div class=\"elementor-element elementor-element-31140657 elementor-widget elementor-widget-image\" data-id=\"31140657\" data-element_type=\"widget\" data-widget_type=\"image.default\">\n\t\t\t\t\t\t\t\t\t\t\t\t\t\t\t<img fetchpriority=\"high\" decoding=\"async\" width=\"800\" height=\"688\" src=\"https:\/\/twojenowewnetrze.pl\/wp-content\/uploads\/2025\/12\/Zrzut-ekranu-2025-12-15-o-15.57.01.png\" class=\"attachment-large size-large wp-image-96\" alt=\"\" srcset=\"https:\/\/twojenowewnetrze.pl\/wp-content\/uploads\/2025\/12\/Zrzut-ekranu-2025-12-15-o-15.57.01.png 882w, https:\/\/twojenowewnetrze.pl\/wp-content\/uploads\/2025\/12\/Zrzut-ekranu-2025-12-15-o-15.57.01-300x258.png 300w, https:\/\/twojenowewnetrze.pl\/wp-content\/uploads\/2025\/12\/Zrzut-ekranu-2025-12-15-o-15.57.01-768x660.png 768w\" sizes=\"(max-width: 800px) 100vw, 800px\" \/>\t\t\t\t\t\t\t\t\t\t\t\t\t\t\t<\/div>\n\t\t\t\t<\/div>\n\t\t<div class=\"elementor-element elementor-element-2205f9c e-con-full e-flex e-con e-child\" data-id=\"2205f9c\" data-element_type=\"container\" data-settings=\"{&quot;background_background&quot;:&quot;classic&quot;}\">\n\t\t\t\t<div class=\"elementor-element elementor-element-45570de elementor-invisible elementor-widget elementor-widget-heading\" data-id=\"45570de\" data-element_type=\"widget\" data-settings=\"{&quot;_animation&quot;:&quot;fadeInUp&quot;}\" data-widget_type=\"heading.default\">\n\t\t\t\t\t<h1 class=\"elementor-heading-title elementor-size-default\">Blog<\/h1>\t\t\t\t<\/div>\n\t\t\t\t<div class=\"elementor-element elementor-element-1e1306e7 elementor-invisible elementor-widget elementor-widget-heading\" data-id=\"1e1306e7\" data-element_type=\"widget\" data-settings=\"{&quot;_animation&quot;:&quot;fadeInUp&quot;}\" data-widget_type=\"heading.default\">\n\t\t\t\t\t<h1 class=\"elementor-heading-title elementor-size-default\">Tworzymy z pasj\u0105<\/h1>\t\t\t\t<\/div>\n\t\t\t\t<\/div>\n\t\t\t\t\t<\/div>\n\t\t\t\t<\/div>\n\t\t<div class=\"elementor-element elementor-element-e903e05 e-flex e-con-boxed e-con e-parent\" data-id=\"e903e05\" data-element_type=\"container\">\n\t\t\t\t\t<div class=\"e-con-inner\">\n\t\t\t\t<div class=\"elementor-element elementor-element-e8cb8fc elementor-grid-3 elementor-grid-tablet-2 elementor-grid-mobile-1 elementor-posts--thumbnail-top elementor-card-shadow-yes elementor-posts__hover-gradient elementor-widget elementor-widget-posts\" data-id=\"e8cb8fc\" data-element_type=\"widget\" data-settings=\"{&quot;cards_columns&quot;:&quot;3&quot;,&quot;cards_columns_tablet&quot;:&quot;2&quot;,&quot;cards_columns_mobile&quot;:&quot;1&quot;,&quot;cards_row_gap&quot;:{&quot;unit&quot;:&quot;px&quot;,&quot;size&quot;:35,&quot;sizes&quot;:[]},&quot;cards_row_gap_tablet&quot;:{&quot;unit&quot;:&quot;px&quot;,&quot;size&quot;:&quot;&quot;,&quot;sizes&quot;:[]},&quot;cards_row_gap_mobile&quot;:{&quot;unit&quot;:&quot;px&quot;,&quot;size&quot;:&quot;&quot;,&quot;sizes&quot;:[]}}\" data-widget_type=\"posts.cards\">\n\t\t\t\t<div class=\"elementor-widget-container\">\n\t\t\t\t\t\t\t<div class=\"elementor-posts-container elementor-posts elementor-posts--skin-cards elementor-grid\" role=\"list\">\n\t\t\t\t<article class=\"elementor-post elementor-grid-item post-224 post type-post status-publish format-standard has-post-thumbnail hentry category-meble-z-drewna category-trendy\" role=\"listitem\">\n\t\t\t<div class=\"elementor-post__card\">\n\t\t\t\t<a class=\"elementor-post__thumbnail__link\" href=\"https:\/\/twojenowewnetrze.pl\/index.php\/2025\/12\/29\/odkryj-piekno-litego-drewna\/\" tabindex=\"-1\" ><div class=\"elementor-post__thumbnail\"><img decoding=\"async\" width=\"300\" height=\"200\" src=\"https:\/\/twojenowewnetrze.pl\/wp-content\/uploads\/2025\/12\/BK-ARANZACJA-DAB-1-300x200.jpg\" class=\"attachment-medium size-medium wp-image-225\" alt=\"Aran\u017cacja wn\u0119trza z d\u0119bowych mebli wykonanych przez firm\u0119 BK Meble z K\u0119t\" srcset=\"https:\/\/twojenowewnetrze.pl\/wp-content\/uploads\/2025\/12\/BK-ARANZACJA-DAB-1-300x200.jpg 300w, https:\/\/twojenowewnetrze.pl\/wp-content\/uploads\/2025\/12\/BK-ARANZACJA-DAB-1-1024x681.jpg 1024w, https:\/\/twojenowewnetrze.pl\/wp-content\/uploads\/2025\/12\/BK-ARANZACJA-DAB-1-768x511.jpg 768w, https:\/\/twojenowewnetrze.pl\/wp-content\/uploads\/2025\/12\/BK-ARANZACJA-DAB-1-1536x1021.jpg 1536w, https:\/\/twojenowewnetrze.pl\/wp-content\/uploads\/2025\/12\/BK-ARANZACJA-DAB-1.jpg 1800w\" sizes=\"(max-width: 300px) 100vw, 300px\" \/><\/div><\/a>\n\t\t\t\t<div class=\"elementor-post__badge\">Meble z drewna<\/div>\n\t\t\t\t<div class=\"elementor-post__text\">\n\t\t\t\t<h3 class=\"elementor-post__title\">\n\t\t\t<a href=\"https:\/\/twojenowewnetrze.pl\/index.php\/2025\/12\/29\/odkryj-piekno-litego-drewna\/\" >\n\t\t\t\tOdkryj Pi\u0119kno Litego Drewna\t\t\t<\/a>\n\t\t<\/h3>\n\t\t\t\t<div class=\"elementor-post__excerpt\">\n\t\t\t<p>Rozpoczynaj\u0105c remont czy budow\u0119 domu, cz\u0119sto nie mo\u017cemy doczeka\u0107 si\u0119 ostatniego etapu realizacji, czyli meblowania. Oczami wyobra\u017ani widzimy wn\u0119trza, w kt\u00f3rych b\u0119dziemy sp\u0119dza\u0107 czas z<\/p>\n\t\t<\/div>\n\t\t\n\t\t<a class=\"elementor-post__read-more\" href=\"https:\/\/twojenowewnetrze.pl\/index.php\/2025\/12\/29\/odkryj-piekno-litego-drewna\/\" aria-label=\"Read more about Odkryj Pi\u0119kno Litego Drewna\" tabindex=\"-1\" >\n\t\t\tCzytaj wi\u0119cej \u00bb\t\t<\/a>\n\n\t\t\t\t<\/div>\n\t\t\t\t\t<\/div>\n\t\t<\/article>\n\t\t\t\t<article class=\"elementor-post elementor-grid-item post-71 post type-post status-publish format-standard has-post-thumbnail hentry category-trendy\" role=\"listitem\">\n\t\t\t<div class=\"elementor-post__card\">\n\t\t\t\t<a class=\"elementor-post__thumbnail__link\" href=\"https:\/\/twojenowewnetrze.pl\/index.php\/2025\/12\/06\/trendy-w-meblach-2025-naturalnosc-funkcja-i-ponadczasowy-design\/\" tabindex=\"-1\" ><div class=\"elementor-post__thumbnail\"><img decoding=\"async\" width=\"300\" height=\"265\" src=\"https:\/\/twojenowewnetrze.pl\/wp-content\/uploads\/2025\/12\/kam-idris-_HqHX3LBN18-unsplash-300x265.jpg\" class=\"attachment-medium size-medium wp-image-72\" alt=\"\" srcset=\"https:\/\/twojenowewnetrze.pl\/wp-content\/uploads\/2025\/12\/kam-idris-_HqHX3LBN18-unsplash-300x265.jpg 300w, https:\/\/twojenowewnetrze.pl\/wp-content\/uploads\/2025\/12\/kam-idris-_HqHX3LBN18-unsplash-1024x903.jpg 1024w, https:\/\/twojenowewnetrze.pl\/wp-content\/uploads\/2025\/12\/kam-idris-_HqHX3LBN18-unsplash-768x678.jpg 768w, https:\/\/twojenowewnetrze.pl\/wp-content\/uploads\/2025\/12\/kam-idris-_HqHX3LBN18-unsplash-1536x1355.jpg 1536w, https:\/\/twojenowewnetrze.pl\/wp-content\/uploads\/2025\/12\/kam-idris-_HqHX3LBN18-unsplash.jpg 1920w\" sizes=\"(max-width: 300px) 100vw, 300px\" \/><\/div><\/a>\n\t\t\t\t<div class=\"elementor-post__badge\">Trendy<\/div>\n\t\t\t\t<div class=\"elementor-post__text\">\n\t\t\t\t<h3 class=\"elementor-post__title\">\n\t\t\t<a href=\"https:\/\/twojenowewnetrze.pl\/index.php\/2025\/12\/06\/trendy-w-meblach-2025-naturalnosc-funkcja-i-ponadczasowy-design\/\" >\n\t\t\t\tTrendy w meblach 2025. Naturalno\u015b\u0107, funkcja i ponadczasowy design\t\t\t<\/a>\n\t\t<\/h3>\n\t\t\t\t<div class=\"elementor-post__excerpt\">\n\t\t\t<p>Wsp\u00f3\u0142czesne wn\u0119trza coraz wyra\u017aniej odchodz\u0105 od chwilowych m\u00f3d na rzecz rozwi\u0105za\u0144 trwa\u0142ych, funkcjonalnych i bliskich naturze. Trendy meblarskie na 2025 rok pokazuj\u0105, \u017ce klienci szukaj\u0105<\/p>\n\t\t<\/div>\n\t\t\n\t\t<a class=\"elementor-post__read-more\" href=\"https:\/\/twojenowewnetrze.pl\/index.php\/2025\/12\/06\/trendy-w-meblach-2025-naturalnosc-funkcja-i-ponadczasowy-design\/\" aria-label=\"Read more about Trendy w meblach 2025. Naturalno\u015b\u0107, funkcja i ponadczasowy design\" tabindex=\"-1\" >\n\t\t\tCzytaj wi\u0119cej \u00bb\t\t<\/a>\n\n\t\t\t\t<\/div>\n\t\t\t\t\t<\/div>\n\t\t<\/article>\n\t\t\t\t<article class=\"elementor-post elementor-grid-item post-74 post type-post status-publish format-standard has-post-thumbnail hentry category-trendy\" role=\"listitem\">\n\t\t\t<div class=\"elementor-post__card\">\n\t\t\t\t<a class=\"elementor-post__thumbnail__link\" href=\"https:\/\/twojenowewnetrze.pl\/index.php\/2025\/12\/03\/meble-szyte-na-miare-trendow-dlaczego-indywidualne-projekty-wygrywaja-z-masowa-produkcja\/\" tabindex=\"-1\" ><div class=\"elementor-post__thumbnail\"><img loading=\"lazy\" decoding=\"async\" width=\"300\" height=\"300\" src=\"https:\/\/twojenowewnetrze.pl\/wp-content\/uploads\/2025\/12\/spacejoy-YI2YkyaREHk-unsplash-300x300.jpg\" class=\"attachment-medium size-medium wp-image-75\" alt=\"\" srcset=\"https:\/\/twojenowewnetrze.pl\/wp-content\/uploads\/2025\/12\/spacejoy-YI2YkyaREHk-unsplash-300x300.jpg 300w, https:\/\/twojenowewnetrze.pl\/wp-content\/uploads\/2025\/12\/spacejoy-YI2YkyaREHk-unsplash-1024x1024.jpg 1024w, https:\/\/twojenowewnetrze.pl\/wp-content\/uploads\/2025\/12\/spacejoy-YI2YkyaREHk-unsplash-150x150.jpg 150w, https:\/\/twojenowewnetrze.pl\/wp-content\/uploads\/2025\/12\/spacejoy-YI2YkyaREHk-unsplash-768x768.jpg 768w, https:\/\/twojenowewnetrze.pl\/wp-content\/uploads\/2025\/12\/spacejoy-YI2YkyaREHk-unsplash-1536x1536.jpg 1536w, https:\/\/twojenowewnetrze.pl\/wp-content\/uploads\/2025\/12\/spacejoy-YI2YkyaREHk-unsplash.jpg 1920w\" sizes=\"(max-width: 300px) 100vw, 300px\" \/><\/div><\/a>\n\t\t\t\t<div class=\"elementor-post__badge\">Trendy<\/div>\n\t\t\t\t<div class=\"elementor-post__text\">\n\t\t\t\t<h3 class=\"elementor-post__title\">\n\t\t\t<a href=\"https:\/\/twojenowewnetrze.pl\/index.php\/2025\/12\/03\/meble-szyte-na-miare-trendow-dlaczego-indywidualne-projekty-wygrywaja-z-masowa-produkcja\/\" >\n\t\t\t\tMeble szyte na miar\u0119 trend\u00f3w. Dlaczego indywidualne projekty wygrywaj\u0105 z masow\u0105 produkcj\u0105\t\t\t<\/a>\n\t\t<\/h3>\n\t\t\t\t<div class=\"elementor-post__excerpt\">\n\t\t\t<p>Jeszcze kilka lat temu gotowe meble z salon\u00f3w by\u0142y pierwszym wyborem wielu klient\u00f3w. Dzi\u015b coraz wi\u0119cej os\u00f3b \u015bwiadomie decyduje si\u0119 na rozwi\u0105zania indywidualne, dopasowane do<\/p>\n\t\t<\/div>\n\t\t\n\t\t<a class=\"elementor-post__read-more\" href=\"https:\/\/twojenowewnetrze.pl\/index.php\/2025\/12\/03\/meble-szyte-na-miare-trendow-dlaczego-indywidualne-projekty-wygrywaja-z-masowa-produkcja\/\" aria-label=\"Read more about Meble szyte na miar\u0119 trend\u00f3w. Dlaczego indywidualne projekty wygrywaj\u0105 z masow\u0105 produkcj\u0105\" tabindex=\"-1\" >\n\t\t\tCzytaj wi\u0119cej \u00bb\t\t<\/a>\n\n\t\t\t\t<\/div>\n\t\t\t\t\t<\/div>\n\t\t<\/article>\n\t\t\t\t<article class=\"elementor-post elementor-grid-item post-123 post type-post status-publish format-standard has-post-thumbnail hentry category-trendy\" role=\"listitem\">\n\t\t\t<div class=\"elementor-post__card\">\n\t\t\t\t<a class=\"elementor-post__thumbnail__link\" href=\"https:\/\/twojenowewnetrze.pl\/index.php\/2025\/11\/15\/cieply-minimalizm-i-komfort-codziennosci-trend-ktory-definiuje-nowoczesne-meble\/\" tabindex=\"-1\" ><div class=\"elementor-post__thumbnail\"><img loading=\"lazy\" decoding=\"async\" width=\"300\" height=\"206\" src=\"https:\/\/twojenowewnetrze.pl\/wp-content\/uploads\/2025\/12\/pexels-steve-923192-300x206.jpg\" class=\"attachment-medium size-medium wp-image-124\" alt=\"\" srcset=\"https:\/\/twojenowewnetrze.pl\/wp-content\/uploads\/2025\/12\/pexels-steve-923192-300x206.jpg 300w, https:\/\/twojenowewnetrze.pl\/wp-content\/uploads\/2025\/12\/pexels-steve-923192-1024x705.jpg 1024w, https:\/\/twojenowewnetrze.pl\/wp-content\/uploads\/2025\/12\/pexels-steve-923192-768x528.jpg 768w, https:\/\/twojenowewnetrze.pl\/wp-content\/uploads\/2025\/12\/pexels-steve-923192.jpg 1279w\" sizes=\"(max-width: 300px) 100vw, 300px\" \/><\/div><\/a>\n\t\t\t\t<div class=\"elementor-post__badge\">Trendy<\/div>\n\t\t\t\t<div class=\"elementor-post__text\">\n\t\t\t\t<h3 class=\"elementor-post__title\">\n\t\t\t<a href=\"https:\/\/twojenowewnetrze.pl\/index.php\/2025\/11\/15\/cieply-minimalizm-i-komfort-codziennosci-trend-ktory-definiuje-nowoczesne-meble\/\" >\n\t\t\t\tCiep\u0142y minimalizm i komfort codzienno\u015bci. Trend, kt\u00f3ry definiuje nowoczesne meble\t\t\t<\/a>\n\t\t<\/h3>\n\t\t\t\t<div class=\"elementor-post__excerpt\">\n\t\t\t<p>Minimalizm w meblarstwie przeszed\u0142 w ostatnich latach wyra\u017an\u0105 metamorfoz\u0119. Surowe, ch\u0142odne wn\u0119trza ust\u0119puj\u0105 miejsca aran\u017cacjom, kt\u00f3re nadal s\u0105 proste i uporz\u0105dkowane, ale jednocze\u015bnie przyjazne i<\/p>\n\t\t<\/div>\n\t\t\n\t\t<a class=\"elementor-post__read-more\" href=\"https:\/\/twojenowewnetrze.pl\/index.php\/2025\/11\/15\/cieply-minimalizm-i-komfort-codziennosci-trend-ktory-definiuje-nowoczesne-meble\/\" aria-label=\"Read more about Ciep\u0142y minimalizm i komfort codzienno\u015bci. Trend, kt\u00f3ry definiuje nowoczesne meble\" tabindex=\"-1\" >\n\t\t\tCzytaj wi\u0119cej \u00bb\t\t<\/a>\n\n\t\t\t\t<\/div>\n\t\t\t\t\t<\/div>\n\t\t<\/article>\n\t\t\t\t<\/div>\n\t\t\n\t\t\t\t\t\t<\/div>\n\t\t\t\t<\/div>\n\t\t\t\t\t<\/div>\n\t\t\t\t<\/div>\n\t\t\t\t<\/div>\n\t\t","protected":false},"excerpt":{"rendered":"<p>Blog Tworzymy z pasj\u0105<\/p>\n","protected":false},"author":1,"featured_media":0,"parent":0,"menu_order":0,"comment_status":"closed","ping_status":"closed","template":"elementor_header_footer","meta":{"footnotes":""},"class_list":["post-150","page","type-page","status-publish","hentry"],"_links":{"self":[{"href":"https:\/\/twojenowewnetrze.pl\/index.php\/wp-json\/wp\/v2\/pages\/150","targetHints":{"allow":["GET"]}}],"collection":[{"href":"https:\/\/twojenowewnetrze.pl\/index.php\/wp-json\/wp\/v2\/pages"}],"about":[{"href":"https:\/\/twojenowewnetrze.pl\/index.php\/wp-json\/wp\/v2\/types\/page"}],"author":[{"embeddable":true,"href":"https:\/\/twojenowewnetrze.pl\/index.php\/wp-json\/wp\/v2\/users\/1"}],"replies":[{"embeddable":true,"href":"https:\/\/twojenowewnetrze.pl\/index.php\/wp-json\/wp\/v2\/comments?post=150"}],"version-history":[{"count":7,"href":"https:\/\/twojenowewnetrze.pl\/index.php\/wp-json\/wp\/v2\/pages\/150\/revisions"}],"predecessor-version":[{"id":213,"href":"https:\/\/twojenowewnetrze.pl\/index.php\/wp-json\/wp\/v2\/pages\/150\/revisions\/213"}],"wp:attachment":[{"href":"https:\/\/twojenowewnetrze.pl\/index.php\/wp-json\/wp\/v2\/media?parent=150"}],"curies":[{"name":"wp","href":"https:\/\/api.w.org\/{rel}","templated":true}]}}